{"id":7,"date":"2016-07-11T14:27:40","date_gmt":"2016-07-11T14:27:40","guid":{"rendered":"http:\/\/bridge71.qodeinteractive.com\/?page_id=7"},"modified":"2025-12-17T21:38:14","modified_gmt":"2025-12-17T21:38:14","slug":"home","status":"publish","type":"page","link":"https:\/\/larosadeoro.net\/roscondereyes\/","title":{"rendered":"Home"},"content":{"rendered":"<p>[vc_row row_type=\u00bbrow\u00bb use_row_as_full_screen_section=\u00bbno\u00bb type=\u00bbgrid\u00bb anchor=\u00bbabout\u00bb angled_section=\u00bbno\u00bb text_align=\u00bbleft\u00bb background_image_as_pattern=\u00bbwithout_pattern\u00bb css_animation=\u00bb\u00bb css=\u00bb.vc_custom_1468421315903{padding-top: 100px !important;padding-bottom: 87px !important;}\u00bb][vc_column][vc_single_image image=\u00bb327&#8243; img_size=\u00bbfull\u00bb alignment=\u00bbcenter\u00bb qode_css_animation=\u00bb\u00bb][vc_empty_space height=\u00bb26px\u00bb][vc_column_text]<\/p>\n<h3 style=\"text-align: center;\">Rosc\u00f3n de Reyes de la Rosa de Oro<br \/>\nEl Rosc\u00f3n de Reyes de Jerez<\/h3>\n<p>[\/vc_column_text][vc_empty_space height=\u00bb11px\u00bb][vc_column_text]<\/p>\n<h5 style=\"text-align: center;\">Una aut\u00e9ntica tradici\u00f3n que pone el broche final a una de las \u00e9pocas m\u00e1s entra\u00f1ables del a\u00f1o: el d\u00eda de reyes. Mucho m\u00e1s que un dulce, es un momento de ilusi\u00f3n y de alegr\u00eda.<br \/>\n\u00bfA qui\u00e9n le tocara el haba?<\/h5>\n<p>[\/vc_column_text][vc_row_inner row_type=\u00bbrow\u00bb type=\u00bbgrid\u00bb anchor=\u00bbnosotros\u00bb text_align=\u00bbleft\u00bb css_animation=\u00bb\u00bb css=\u00bb.vc_custom_1481796548242{padding-top: 68px !important;}\u00bb][vc_column_inner offset=\u00bbvc_col-lg-6 vc_col-md-6&#8243; css=\u00bb.vc_custom_1467974263073{padding-right: 2.3% !important;}\u00bb][vc_single_image image=\u00bb364&#8243; img_size=\u00bbfull\u00bb qode_css_animation=\u00bb\u00bb][vc_empty_space height=\u00bb21px\u00bb][vc_column_text]<\/p>\n<h4 style=\"text-align: center;\">Sobre nosotros<\/h4>\n<p>[\/vc_column_text][vc_empty_space height=\u00bb3px\u00bb][vc_column_text]<\/p>\n<p style=\"text-align: center;\">Pasteleros artesanos desde 1928. En el Coraz\u00f3n de Jerez. Muchos a\u00f1os de pasteler\u00eda tradicional de obrador, elaborando con mimo cada pastel, tarta, bomb\u00f3n o salado en cada \u00e9poca del a\u00f1o. Siguiendo las recetas m\u00e1s antiguas y llevando a cabo nuestras propias creaciones.<\/p>\n<p>[\/vc_column_text][vc_empty_space height=\u00bb40px\u00bb][\/vc_column_inner][vc_column_inner offset=\u00bbvc_col-lg-6 vc_col-md-6&#8243; css=\u00bb.vc_custom_1467974270400{padding-right: 2.3% !important;}\u00bb][vc_video link=\u00bbhttps:\/\/www.youtube.com\/watch?v=8oCMH7hSzLc\u00bb][vc_empty_space height=\u00bb21px\u00bb][vc_column_text]<\/p>\n<h4 style=\"text-align: center;\">As\u00ed elaboramos nuestros roscones<\/h4>\n<p>[\/vc_column_text][vc_empty_space height=\u00bb3px\u00bb][vc_column_text]<\/p>\n<p style=\"text-align: center;\">Artesalamente desde 1928, desde que La Rosa de Oro es La Rosa de Oro. Porque aqu\u00ed no entendemos este oficio, dulce oficio, de otra manera.<\/p>\n<p style=\"text-align: center;\">Todo el equipo se pone manos a la obra int\u00e9nsamente desde el d\u00eda 4 de madrugada hasta el mismo d\u00eda 6, para que vuestros roscones est\u00e9n reci\u00e9n hechos cuando veng\u00e1is a recogerlos.<\/p>\n<p>[\/vc_column_text][vc_empty_space height=\u00bb40px\u00bb][\/vc_column_inner][\/vc_row_inner][\/vc_column][\/vc_row][vc_row row_type=\u00bbparallax\u00bb parallax_content_width=\u00bbin_grid\u00bb text_align=\u00bbcenter\u00bb background_image=\u00bb361&#8243; full_screen_section_height=\u00bbno\u00bb][vc_column css=\u00bb.vc_custom_1468419477434{padding-top: 9% !important;padding-bottom: 11.35% !important;}\u00bb][vc_column_text]<\/p>\n<h3 style=\"text-align: center; color: #ffffff;\">Elaborados el mismo d\u00eda<\/h3>\n<p>[\/vc_column_text][vc_empty_space height=\u00bb11px\u00bb][vc_column_text]<\/p>\n<h5 style=\"text-align: center; color: #ffffff;\">Bizcocho artesano recien hecho, misma receta desde 1928<\/h5>\n<p>[\/vc_column_text][vc_empty_space height=\u00bb68px\u00bb][vc_column_text]<\/p>\n<p style=\"text-align: center; color: #ffffff;\">Cada \u00e9poca del a\u00f1o tiene sus particularidades, sus productos t\u00edpicos. La Navidad tiene como broche final el delicioso Rosc\u00f3n de Navidad.<br \/>\nLlegar a casa con un Rosc\u00f3n de Reyes de La Rosa de Oro, dejar que tu hijo la abra impaciente, que alguien se encarga de trocearlo y la emoci\u00f3n y risas est\u00e1 asegurada, como el sabor.<\/p>\n<p>[\/vc_column_text][vc_empty_space height=\u00bb15px\u00bb][\/vc_column][\/vc_row][vc_row row_type=\u00bbrow\u00bb use_row_as_full_screen_section=\u00bbno\u00bb type=\u00bbgrid\u00bb anchor=\u00bbnews\u00bb angled_section=\u00bbno\u00bb text_align=\u00bbleft\u00bb background_image_as_pattern=\u00bbwithout_pattern\u00bb css_animation=\u00bb\u00bb css=\u00bb.vc_custom_1481796833622{padding-top: 117px !important;}\u00bb][vc_column][vc_single_image image=\u00bb20&#8243; img_size=\u00bbfull\u00bb alignment=\u00bbcenter\u00bb qode_css_animation=\u00bb\u00bb][vc_empty_space height=\u00bb26px\u00bb][vc_column_text]<\/p>\n<h3 style=\"text-align: center;\">Solo materias primas seleccionadas y con masa madre<\/h3>\n<p>[\/vc_column_text][vc_empty_space height=\u00bb11px\u00bb][vc_column_text]<\/p>\n<h5 style=\"text-align: center;\">Elaboramos los roscones artesanalmente, con masa madre de fermentaci\u00f3n lenta y con las mejores materias primas naturales.<\/h5>\n<p>[\/vc_column_text][\/vc_column][\/vc_row][vc_row row_type=\u00bbrow\u00bb use_row_as_full_screen_section=\u00bbno\u00bb type=\u00bbgrid\u00bb angled_section=\u00bbno\u00bb text_align=\u00bbleft\u00bb background_image_as_pattern=\u00bbwithout_pattern\u00bb css_animation=\u00bb\u00bb css=\u00bb.vc_custom_1468319224579{padding-top: 59px !important;padding-bottom: 110px !important;}\u00bb][vc_column width=\u00bb1\/2&#8243; offset=\u00bbvc_col-lg-3 vc_col-md-3&#8243;][vc_single_image image=\u00bb393&#8243; img_size=\u00bbfull\u00bb qode_css_animation=\u00bb\u00bb][vc_empty_space height=\u00bb36px\u00bb][vc_column_text]<\/p>\n<h6 style=\"text-align: left;\">Fruta glaseada<\/h6>\n<p>[\/vc_column_text][vc_empty_space height=\u00bb18px\u00bb][vc_column_text]<\/p>\n<p style=\"text-align: left;\">Que no falte color al Rosc\u00f3n de Reyes. Alegr\u00eda. La fruta glaseada adem\u00e1s de estar buen\u00edsima le aporta mucho colorido a tu Rosc\u00f3n de Reyes<\/p>\n<p>[\/vc_column_text][vc_empty_space height=\u00bb40px\u00bb][\/vc_column][vc_column width=\u00bb1\/2&#8243; offset=\u00bbvc_col-lg-3 vc_col-md-3&#8243;][vc_single_image image=\u00bb391&#8243; img_size=\u00bbfull\u00bb qode_css_animation=\u00bb\u00bb][vc_empty_space height=\u00bb36px\u00bb][vc_column_text]<\/p>\n<h6 style=\"text-align: left;\">Agua de Azahar<\/h6>\n<p>[\/vc_column_text][vc_empty_space height=\u00bb18px\u00bb][vc_column_text]<\/p>\n<p style=\"text-align: left;\">El agua es imprescindible, otro ingrediente que no puede faltar, pero solo si es agua de azahar. Es el agua que usamos para elaborar el Rosc\u00f3n de Reyes de la Rosa de Oro desde 1928<\/p>\n<p>[\/vc_column_text][vc_empty_space height=\u00bb40px\u00bb][\/vc_column][vc_column width=\u00bb1\/2&#8243; offset=\u00bbvc_col-lg-3 vc_col-md-3&#8243;][vc_single_image image=\u00bb390&#8243; img_size=\u00bbfull\u00bb qode_css_animation=\u00bb\u00bb][vc_empty_space height=\u00bb36px\u00bb][vc_column_text]<\/p>\n<h6>Gran variedad de sabores<\/h6>\n<p>[\/vc_column_text][vc_empty_space height=\u00bb18px\u00bb][vc_column_text]<\/p>\n<div class=\"wpb_text_column wpb_content_element \">\n<div class=\"wpb_wrapper\">\n<p>En la variedad est\u00e1 el gusto. Y en La Rosa de Oro puedes pedir tu rosc\u00f3n de muchos sabores diferentes. Con rellenos que van desde la nata al cabello de angel, yema, trufa, crema, nata trufada o el especial.<\/p>\n<\/div>\n<\/div>\n<p>[\/vc_column_text][vc_empty_space height=\u00bb40px\u00bb][\/vc_column][vc_column width=\u00bb1\/2&#8243; offset=\u00bbvc_col-lg-3 vc_col-md-3&#8243;][vc_single_image image=\u00bb392&#8243; img_size=\u00bbfull\u00bb qode_css_animation=\u00bb\u00bb][vc_empty_space height=\u00bb36px\u00bb][vc_column_text]<\/p>\n<h6 style=\"text-align: left;\">El haba, el rey y los regalos<\/h6>\n<p>[\/vc_column_text][vc_empty_space height=\u00bb18px\u00bb][vc_column_text]<\/p>\n<p style=\"text-align: left;\">Esto si que no puede faltar. No ser\u00eda lo mismo nunca. \u00bfA qui\u00e9n le tocar\u00e1 el haba o el rey? Tambi\u00e9n ponemos muchos regalos m\u00e1s. Cuidado no le vay\u00e1is a dar un bocado.<\/p>\n<p>[\/vc_column_text][vc_empty_space height=\u00bb40px\u00bb][\/vc_column][\/vc_row][vc_row row_type=\u00bbrow\u00bb use_row_as_full_screen_section=\u00bbno\u00bb type=\u00bbfull_width\u00bb anchor=\u00bbvariedades\u00bb angled_section=\u00bbno\u00bb text_align=\u00bbleft\u00bb background_image_as_pattern=\u00bbwithout_pattern\u00bb css_animation=\u00bb\u00bb][vc_column][qode_elements_holder background_color=\u00bb#fafafa\u00bb number_of_columns=\u00bbtwo_columns\u00bb switch_to_one_column=\u00bb768&#8243; alignment_one_column=\u00bbcenter\u00bb][qode_elements_holder_item background_color=\u00bb#fafafa\u00bb background_image=\u00bb370&#8243; item_padding=\u00bb0% 0% 0% 0%\u00bb vertical_alignment=\u00bbmiddle\u00bb advanced_animations=\u00bbno\u00bb item_padding_1024_1280=\u00bb0% 0% 0% 0%\u00bb item_padding_768_1024=\u00bb0% 0% 0% 0%\u00bb item_padding_600_768=\u00bb39%\u00bb item_padding_480_600=\u00bb46%\u00bb item_padding_480=\u00bb55%\u00bb][\/qode_elements_holder_item][qode_elements_holder_item background_color=\u00bb#fafafa\u00bb item_padding=\u00bb12.8% 20.7% 12.7% 20.5%\u00bb advanced_animations=\u00bbno\u00bb item_padding_1024_1280=\u00bb10% 19.3% 11.5% 18%\u00bb item_padding_600_768=\u00bb7.5% 17.7% 11.5% 16%\u00bb item_padding_480_600=\u00bb7% 17% 11.5% 16% \u00bb item_padding_480=\u00bb3% 16.7% 11.5% 16%\u00bb][vc_column_text]<\/p>\n<h3 style=\"text-align: left;\">Variedades<\/h3>\n<p>[\/vc_column_text][vc_column_text]<\/p>\n<h5>TRADICIONALES<\/h5>\n<ul>\n<li>Solo<\/li>\n<li>Crema<\/li>\n<li>Chocolate<\/li>\n<li>Cabello De Angel<\/li>\n<li>Yema Tostada<\/li>\n<li>Nata Trufada<\/li>\n<li>Trufa Pura Chot. Negro<\/li>\n<li>Nata<\/li>\n<\/ul>\n<h5><\/h5>\n<p>&nbsp;<\/p>\n<h5>ESPECIALES<\/h5>\n<ul>\n<li>Cheesecake Dulce de Leche<\/li>\n<li>Naranja y Chocolate<\/li>\n<\/ul>\n<p>[\/vc_column_text][\/qode_elements_holder_item][\/qode_elements_holder][\/vc_column][\/vc_row][vc_row row_type=\u00bbrow\u00bb use_row_as_full_screen_section=\u00bbno\u00bb type=\u00bbfull_width\u00bb angled_section=\u00bbno\u00bb text_align=\u00bbleft\u00bb background_image_as_pattern=\u00bbwithout_pattern\u00bb css_animation=\u00bb\u00bb][vc_column][qode_elements_holder number_of_columns=\u00bbtwo_columns\u00bb][qode_elements_holder_item background_color=\u00bb#fafafa\u00bb item_padding=\u00bb12.8% 20.7% 12.7% 20.5%\u00bb advanced_animations=\u00bbno\u00bb item_padding_1024_1280=\u00bb10% 19.3% 11.5% 18%\u00bb item_padding_600_768=\u00bb7.5% 17.7% 11.5% 16%\u00bb item_padding_480_600=\u00bb7% 17% 11.5% 16% \u00bb item_padding_480=\u00bb3% 16.7% 11.5% 16%\u00bb][vc_column_text]<\/p>\n<h3 style=\"text-align: left;\">Y recuerda<\/h3>\n<p>[\/vc_column_text][vc_column_text]La Rosa de Oro es la pasteler\u00eda que ofrece el Rosc\u00f3n de Reyes de m\u00e1s sabores distintos, a los que cada a\u00f1o a\u00f1ade un sabor o variedad especial diferente e innovador.<\/p>\n<p>La Rosa de Oro es el sabor que no puede faltar cada Navidad en tu mesa con una de sus elaboraciones dulces como los mantecados, polvorones, bombones, pesti\u00f1os, troncos de navidad, turrones,&#8230; o saladas como el foie de pato al viejo Jerez, enrollado de queso azul, hojaldres, el redondo de solomillo hojaldrado con ciruelas y m\u00e1s exquisiteces.[\/vc_column_text][\/qode_elements_holder_item][qode_elements_holder_item background_image=\u00bb369&#8243; item_padding=\u00bb0% 0% 0% 0%\u00bb advanced_animations=\u00bbno\u00bb item_padding_1024_1280=\u00bb0% 0% 0% 0%\u00bb item_padding_768_1024=\u00bb5% 5% 5% 5%\u00bb item_padding_600_768=\u00bb20% 5% 61% 5%\u00bb item_padding_480_600=\u00bb46%\u00bb item_padding_480=\u00bb55%\u00bb][\/qode_elements_holder_item][\/qode_elements_holder][\/vc_column][\/vc_row][vc_row row_type=\u00bbrow\u00bb use_row_as_full_screen_section=\u00bbno\u00bb type=\u00bbgrid\u00bb anchor=\u00bbdonde\u00bb angled_section=\u00bbno\u00bb text_align=\u00bbleft\u00bb background_image_as_pattern=\u00bbwithout_pattern\u00bb css_animation=\u00bb\u00bb css=\u00bb.vc_custom_1481796910823{padding-top: 118px !important;background-color: #fafafa !important;}\u00bb][vc_column][vc_column_text]<\/p>\n<h3 style=\"text-align: center;\">Donde comprarlo<\/h3>\n<p>[\/vc_column_text][vc_empty_space height=\u00bb11px\u00bb][vc_column_text]<\/p>\n<h5 style=\"text-align: center;\">En cualquiera de nuestras 3 pasteler\u00edas puedes encargar tu Rosc\u00f3n de Reyes en Jerez. Encarga el tuyo.<\/h5>\n<p>[\/vc_column_text][vc_empty_space height=\u00bb3px\u00bb][vc_column_text]<\/p>\n<h4 style=\"text-align: center; color: #c19600;\">Encarga tu Rosc\u00f3n de Reyes en Jerez en:<br \/>\nTienda Calle Consistorio: 956 338 408<br \/>\nTienda Pio XII: 956 343 240<b><u><\/u><u><\/u><\/b><\/h4>\n<p>[\/vc_column_text][\/vc_column][\/vc_row][vc_row row_type=\u00bbrow\u00bb use_row_as_full_screen_section=\u00bbno\u00bb type=\u00bbgrid\u00bb angled_section=\u00bbno\u00bb text_align=\u00bbleft\u00bb background_image_as_pattern=\u00bbwithout_pattern\u00bb css_animation=\u00bb\u00bb css=\u00bb.vc_custom_1469001054292{padding-top: 27px !important;padding-bottom: 91px !important;background-color: #fafafa !important;}\u00bb][vc_column offset=\u00bbvc_col-lg-6 vc_col-md-6&#8243;][vc_column_text]<b>Tienda Centro<\/b><br \/>\nConsistorio, 7<br \/>\n11403 &#8211; Jerez de la Fra<br \/>\nTelf.\/Fax : 956 33 84 08<\/p>\n<p><b>Tienda P\u00edo XII<\/b><br \/>\nSan Francisco de Paula, 14<br \/>\n11401 &#8211; Jerez de la Fra<br \/>\nTelf.: 956 34 32 40[\/vc_column_text][vc_empty_space height=\u00bb44px\u00bb][vc_column_text]<\/p>\n<h4>S\u00edguenos:<\/h4>\n<p>[\/vc_column_text][vc_empty_space height=\u00bb8px\u00bb]<span class='q_social_icon_holder normal_social' data-color=#323232 data-hover-color=#bf9f3f><a itemprop='url' href='http:\/\/facebook.com\/larosadeoro' target='_blank'><span aria-hidden=\"true\" class=\"qode_icon_font_elegant social_facebook  simple_social\" style=\"color: #323232;margin: 0 26px 0 0;font-size: 22px;\" ><\/span><\/a><\/span><span class='q_social_icon_holder normal_social' data-color=#323232 data-hover-color=#97c240><a itemprop='url' href='https:\/\/www.pinterest.com' target='_blank'><span aria-hidden=\"true\" class=\"qode_icon_font_elegant social_pinterest  simple_social\" style=\"color: #323232;margin: 0 26px 0 0;font-size: 22px;\" ><\/span><\/a><\/span><span class='q_social_icon_holder normal_social' data-color=#323232 data-hover-color=#97c240><a itemprop='url' href='https:\/\/plus.google.com\/' target='_blank'><span aria-hidden=\"true\" class=\"qode_icon_font_elegant social_googleplus  simple_social\" style=\"color: #323232;margin: 0 26px 0 0;font-size: 22px;\" ><\/span><\/a><\/span><span class='q_social_icon_holder normal_social' data-color=#323232 data-hover-color=#97c240><a itemprop='url' href='https:\/\/www.instagram.com' target='_blank'><span aria-hidden=\"true\" class=\"qode_icon_font_elegant social_instagram  simple_social\" style=\"color: #323232;margin: 0 26px 0 0;font-size: 22px;\" ><\/span><\/a><\/span><span class='q_social_icon_holder normal_social' data-color=#323232 data-hover-color=#97c240><a itemprop='url' href='https:\/\/www.youtube.com\/channel\/UCwv5F7QOz-f2_raQEkLiu2Q' target='_blank'><span aria-hidden=\"true\" class=\"qode_icon_font_elegant social_youtube  simple_social\" style=\"color: #323232;margin: 0 26px 0 0;font-size: 22px;\" ><\/span><\/a><\/span>[vc_empty_space height=\u00bb40px\u00bb][\/vc_column][vc_column offset=\u00bbvc_col-lg-6 vc_col-md-6&#8243;][vc_column_text]<div role=\"form\" class=\"wpcf7\" id=\"wpcf7-f334-o1\" lang=\"es-ES\" dir=\"ltr\">\n<div class=\"screen-reader-response\"><\/div>\n<form action=\"\/roscondereyes\/wp-json\/wp\/v2\/pages\/7#wpcf7-f334-o1\" method=\"post\" class=\"wpcf7-form\" novalidate=\"novalidate\">\n<div style=\"display: none;\">\n<input type=\"hidden\" name=\"_wpcf7\" value=\"334\" \/>\n<input type=\"hidden\" name=\"_wpcf7_version\" value=\"4.6\" \/>\n<input type=\"hidden\" name=\"_wpcf7_locale\" value=\"es_ES\" \/>\n<input type=\"hidden\" name=\"_wpcf7_unit_tag\" value=\"wpcf7-f334-o1\" \/>\n<input type=\"hidden\" name=\"_wpnonce\" value=\"903ee97eb2\" \/>\n<\/div>\n<p><label> Nombre (requerido)<br \/>\n    <span class=\"wpcf7-form-control-wrap your-name\"><input type=\"text\" name=\"your-name\" value=\"\" size=\"40\" class=\"wpcf7-form-control wpcf7-text wpcf7-validates-as-required\" aria-required=\"true\" aria-invalid=\"false\" \/><\/span> <\/label><\/p>\n<p><label> Tu correo electr\u00f3nico (requerido)<br \/>\n    <span class=\"wpcf7-form-control-wrap your-email\"><input type=\"email\" name=\"your-email\" value=\"\" size=\"40\" class=\"wpcf7-form-control wpcf7-text wpcf7-email wpcf7-validates-as-required wpcf7-validates-as-email\" aria-required=\"true\" aria-invalid=\"false\" \/><\/span> <\/label><\/p>\n<p><label> Asunto<br \/>\n    <span class=\"wpcf7-form-control-wrap your-subject\"><input type=\"text\" name=\"your-subject\" value=\"\" size=\"40\" class=\"wpcf7-form-control wpcf7-text\" aria-invalid=\"false\" \/><\/span> <\/label><\/p>\n<p><label> Mensaje<br \/>\n    <span class=\"wpcf7-form-control-wrap your-message\"><textarea name=\"your-message\" cols=\"40\" rows=\"10\" class=\"wpcf7-form-control wpcf7-textarea\" aria-invalid=\"false\"><\/textarea><\/span> <\/label><\/p>\n<p><span class=\"wpcf7-form-control-wrap wpcaptcha-107\"><p class=\"c4wp-display-captcha-form\"><label for=\"Captcha\">Captcha<\/label><div class=\"c4wp-google-recaptcha\"><\/div><\/span><input type=\"hidden\" name=\"wpcaptcha-107-sn\" \/><\/p>\n<p><input type=\"submit\" value=\"Enviar\" class=\"wpcf7-form-control wpcf7-submit\" \/><\/p>\n<div class=\"wpcf7-response-output wpcf7-display-none\"><\/div><\/form><\/div>[\/vc_column_text][vc_empty_space height=\u00bb21px\u00bb][\/vc_column][\/vc_row][vc_row row_type=\u00bbrow\u00bb use_row_as_full_screen_section=\u00bbno\u00bb type=\u00bbfull_width\u00bb anchor=\u00bblocalizacion\u00bb angled_section=\u00bbno\u00bb text_align=\u00bbleft\u00bb background_image_as_pattern=\u00bbwithout_pattern\u00bb css_animation=\u00bb\u00bb][vc_column]<div class='google_map_shortcode_holder' style='height:600px;'><div class='qode_google_map' style='height:600px;' id='map_canvas_16487' data-addresses='[\"Calle Consistorio, 7 Jerez de la Frontera\",\"Calle San Francisco de Paula, 14 Jerez de la Frontera\"]' data-custom-map-style='true' data-color-overlay='#c19600' data-saturation='27' data-lightness='10' data-zoom='15' data-pin='https:\/\/larosadeoro.net\/roscondereyes\/wp-content\/uploads\/pin.png' data-unique-id='16487' data-google-maps-scroll-wheel='false' data-map-height='600'><\/div><div class='google_map_shortcode_overlay'><\/div><\/div>[\/vc_column][\/vc_row]<\/p>\n","protected":false},"excerpt":{"rendered":"<p>[vc_row row_type=\u00bbrow\u00bb use_row_as_full_screen_section=\u00bbno\u00bb type=\u00bbgrid\u00bb anchor=\u00bbabout\u00bb angled_section=\u00bbno\u00bb text_align=\u00bbleft\u00bb background_image_as_pattern=\u00bbwithout_pattern\u00bb css_animation=\u00bb\u00bb css=\u00bb.vc_custom_1468421315903{padding-top: 100px !important;padding-bottom: 87px !important;}\u00bb][vc_column][vc_single_image image=\u00bb327&#8243; img_size=\u00bbfull\u00bb alignment=\u00bbcenter\u00bb qode_css_animation=\u00bb\u00bb][vc_empty_space height=\u00bb26px\u00bb][vc_column_text] Rosc\u00f3n de Reyes de la Rosa de Oro El Rosc\u00f3n de Reyes de Jerez [\/vc_column_text][vc_empty_space height=\u00bb11px\u00bb][vc_column_text] Una aut\u00e9ntica tradici\u00f3n que pone el broche final a una&#8230;<\/p>\n","protected":false},"author":1,"featured_media":0,"parent":0,"menu_order":0,"comment_status":"closed","ping_status":"closed","template":"full_width.php","meta":[],"_links":{"self":[{"href":"https:\/\/larosadeoro.net\/roscondereyes\/wp-json\/wp\/v2\/pages\/7"}],"collection":[{"href":"https:\/\/larosadeoro.net\/roscondereyes\/wp-json\/wp\/v2\/pages"}],"about":[{"href":"https:\/\/larosadeoro.net\/roscondereyes\/wp-json\/wp\/v2\/types\/page"}],"author":[{"embeddable":true,"href":"https:\/\/larosadeoro.net\/roscondereyes\/wp-json\/wp\/v2\/users\/1"}],"replies":[{"embeddable":true,"href":"https:\/\/larosadeoro.net\/roscondereyes\/wp-json\/wp\/v2\/comments?post=7"}],"version-history":[{"count":75,"href":"https:\/\/larosadeoro.net\/roscondereyes\/wp-json\/wp\/v2\/pages\/7\/revisions"}],"predecessor-version":[{"id":486,"href":"https:\/\/larosadeoro.net\/roscondereyes\/wp-json\/wp\/v2\/pages\/7\/revisions\/486"}],"wp:attachment":[{"href":"https:\/\/larosadeoro.net\/roscondereyes\/wp-json\/wp\/v2\/media?parent=7"}],"curies":[{"name":"wp","href":"https:\/\/api.w.org\/{rel}","templated":true}]}}